 common divisor of i and a?
6
Let o(l) = 2*l**2 - 58*l - 59. Let r be o(33). Let f(y) = y**3 - 6*y**2 + 8*y - 7. Let g be f(6). Calculate the greatest common factor of r and g.
41
Suppose 3*r = -r + 108. Suppose 3*y = -0*y + r. Calculate the highest common factor of 36 and y.
9
Suppose 34 = 2*f - 62. Suppose 5*s = 3*w - 84, 3*s - 16 + f = w. Calculate the greatest common divisor of w and 92.
23
Let c be 20/12*20*3/2. What is the greatest common factor of c and 50?
50
Let t be (-20 + 10)/((-2)/4). Let x(j) = 3*j - 8. Let m be x(7). Let a(k) = k - 3. Let i be a(m). What is the greatest common divisor of t and i?
10
Let a be (7 + -6)/(1/2). Suppose -o + a*o - 24 = 0. Let i = 305 + -289. Calculate the greatest common factor of i and o.
8
Suppose 3*g + 8 = 371. Let m = 9 + -3. Let k = 17 - m. What is the greatest common divisor of k and g?
11
Suppose -15*z - 308 + 1208 = 0. Suppose 4*h + 256 = 4*b, h = -4*b + z + 221. Calculate the greatest common divisor of b and 115.
23
Let s = 617 - 563. What is the greatest common factor of 432 and s?
54
Suppose -2*t + 27 = -33. What is the greatest common divisor of 45 and t?
15
Let w = -258 + 292. Calculate the greatest common divisor of 782 and w.
34
Let q be (-26)/182 + 562/14. Suppose 9*m = 14*m - q. What is the highest common factor of 72 and m?
8
Let d be (-8)/(-3) - (-6)/(-9). Suppose h - d*h = -60. What is the highest common factor of 12 and h?
12
Let g(u) be the third derivative of -u**5/60 + 11*u**4/8 + 31*u**3/6 - 24*u**2. Let s be g(23). Calculate the greatest common factor of s and 29.
29
Suppose -c = -0*c - 17. Let j = -628 + 645. Calculate the highest common divisor of c and j.
17
Suppose 3*u - 46 + 4 = 0. Let f(a) = 7*a - 49. Let t = -86 + 96. Let q be f(t). Calculate the highest common factor of q and u.
7
Let o(g) = 23*g - 80. Let j be o(4). What is the greatest common divisor of j and 102?
6
Let c(x) = -x**2 - 9*x. Let b be c(-7). Let n = 35 + -35. Suppose s + d = 27, -4*s + n*d - d + 111 = 0. What is the highest common factor of s and b?
14
Suppose 2*k = -5*a + 334, -a + 3*a + k - 133 = 0. What is the highest common divisor of 374 and a?
34
Let a = 695 - -133. Suppose -5*o + o = -a. Let b(c) = c**3 - 6*c**2 + 12*c + 7. Let f be b(4). What is the greatest common factor of o and f?
23
Let q = 36 + -17. Suppose -3*f = 3*x - 50 - 19, q = x - f. What is the greatest common factor of x and 168?
21
Let w(g) = g + 10. Let s be (-102)/9*6/(-4). Suppose -5*t - 2*r = 35, 0 = 3*t + r + r + s. Let x be w(t). What is the highest common divisor of 9 and x?
1
Let c(p) = -6*p**3 + p**2 + p. Let b be c(-1). Let r be 23/(1 - (3 + -1)). Let k = 27 + r. What is the greatest common divisor of k and b?
2
Let s be 15/(-6)*(-32)/5. Suppose 0 = 5*i - 4*i + 4*t - 13, -2*i + 2*t + s = 0. Let v = 103 - 31. What is the highest common factor of i and v?
9
Suppose -q = 2*q - 3*o - 285, -5*q = 3*o - 435. Calculate the highest common divisor of 72 and q.
18
Let b(c) = -c**3 - 14*c**2 + 59*c - 28. Let v be b(-19). Calculate the greatest common factor of v and 16.
16
Suppose 0*a + 70 = 5*a. Suppose -a*z = -22*z + 16. Calculate the highest common divisor of z and 4.
2
Let y = 1 + 5. Let s = 34 + -30. Let r be ((-4)/(-6))/(s/144). What is the highest common divisor of r and y?
6
Suppose 0 = 64*y - 55*y - 288. Calculate the highest common factor of 24 and y.
8
Let z(b) = -3*b - 3. Suppose 8 = 2*c - 6*c. Let j be z(c). Let p = 113 - 86. What is the highest common factor of p and j?
3
Let v be -3*2/(2/(-15)). Suppose -3*b - 5 + v = z, 5*b - 64 = z. What is the greatest common factor of 208 and b?
13
Let d(w) = -10*w - 55. Let q be d(-8). What is the highest common factor of q and 10?
5
Let r(h) = -h**2 + 10*h - 25. Let c be r(6). Let v be ((-33)/(-5) + c)*10. Calculate the highest common factor of 14 and v.
14
Suppose 3*w + 0*j - 3*j = 45, 3*w + 3*j - 33 = 0. Suppose -5 - w = -l. Calculate the greatest common factor of l and 18.
18
Let y = 247 - 37. Calculate the greatest common factor of y and 98.
14
Let s(q) = q**2 + q - 2. Let i be s(-2). Suppose i = -4*w + 2*w - 8. Let g be 28 - 12/(w + 7). What is the greatest common factor of g and 8?
8
Suppose -2*b = -5*b + 3. Let z be (-5 + b)/((-2)/3). Calculate the highest common factor of z and 54.
6
Suppose -2363 - 9061 = -28*o. What is the greatest common factor of 120 and o?
24
Suppose 20 = -4*v + 5*v. What is the greatest common divisor of 1420 and v?
20
Suppose 4*t - 164 = -564. Let r be (-106)/(-9) + (-2 - t/45). What is the greatest common factor of r and 36?
12
Let m be ((-1)/((-2)/(-72)))/(1134/(-756)). Calculate the greatest common divisor of m and 384.
24
Suppose 8*f + 325 = 13*f - 3*b, 3*b = 15. Calculate the greatest common divisor of f and 51.
17
Let s = 172 + -134. Let i be 0 + (-1 - -4) + 415. Calculate the highest common factor of s and i.
38
Let f = -25 - -23. Let c = f - -7. Calculate the greatest common divisor of c and 25.
5
Let k = 87 + -55. Suppose -5*m - 11 = -2*o, 0 = 3*o + o + m - 33. Calculate the highest common divisor of k and o.
8
Suppose 5*c + 78 = 2*j + 23, -2*c - 4*j = -2. Let m(f) = 2*f**2 + 14*f - 4. Let n be m(c). Let t = n - 28. Calculate the highest common factor of 1 and t.
1
Suppose -638*t = -642*t + 8. Suppose -s = -1 - 1, s = 4*z - 30. Calculate the highest common factor of t and z.
2
Let g be 3 - (-251 + 4 + -2). Suppose -5*v = -3*n - g + 80, 3*v + 5*n = 76. What is the greatest common factor of 32 and v?
32
Let f(l) = -8*l + 9. Let r be f(-4). Let t = r - 25. What is the greatest common divisor of t and 144?
16
Let b be ((-1924)/(-39) - (-6)/9) + -2. What is the greatest common factor of 132 and b?
12
Let b(l) = -l**3 + 7*l**2 - 5*l - 5. Let k be b(5). Let z = -31 + k. Let c = 23 + z. Calculate the greatest common factor of 96 and c.
12
Let g = 19 + -21. Let z(t) = -48*t**3 - 2*t**2 + t. Let o be z(g). Suppose -5*a = -186 - o. What is the highest common divisor of a and 16?
16
Let t = 112 + -70. Suppose -2*r = 11*c - 13*c + 14, -7 = -c + 2*r. Calculate the greatest common factor of c and t.
7
Let y = -31 + 66. Let z be (-8)/((4 - 6) + 0). Suppose -8*n + 56 = -z*n. Calculate the highest common divisor of y and n.
7
Let c be (-1)/((-18)/(-840)) - 2/(-3). Let i = -11 - c. What is the highest common factor of 5 and i?
5
Suppose -36 = -4*a + i, 4*a + 3*i = -a + 28. Let n(x) = x**2 - 3. Let h be n(3). What is the greatest common divisor of a and h?
2
Suppose -4*f - 2*i + 2 = 0, i + 7 = -f - i. Suppose 4*g - 84 = 3*g + f*z, 5*z = -3*g + 196. What is the greatest common factor of g and 48?
24
Let b = -2774 - -2954. Calculate the greatest common divisor of 255 and b.
15
Let g = -8 + 14. Suppose 0 = -7*d - 9*d + 32. Suppose -d*l - g = -3*l. What is the highest common factor of 4 and l?
2
Let l(r) = 20*r + 18. Let k be l(-16). Let j = 478 + k. What is the highest common factor of j and 16?
16
Let c(t) = -3*t + 31. Let r be c(9). Let o be 1 + (r/(-2))/(-2) + 115. What is the greatest common factor of o and 13?
13
Let s = 10 - 5. Suppose 0 = -s*a - 83 + 833. Calculate the greatest common factor of 15 and a.
15
Let b be (-8)/4 - (-171)/3. Calculate the greatest common factor of 308 and b.
11
Suppose 0 = -16*u + 21*u - 40. Suppose 3*o - o - 10 = 2*v, o = -v + 11. Calculate the highest common factor of o and u.
8
Let o be 2/(-4)*-24*1. Let x(f) = -f**3 + f - 6. Let q be x(0). Let t be q/(-5)*-3*-5. Calculate the highest common factor of t and o.
6
Suppose -4*w - 1 + 19 = -b, 4*w - 28 = -4*b. Let h be 6/(-4)*(0 - b). What is the highest common divisor of h and 21?
3
Let s(c) = -3*c**3 - 29*c**2 + 42*c + 34. Let g be s(-11). Let w(p) = -p**2 + p + 7. Let h be w(0). Calculate the greatest common factor of h and g.
7
Suppose 3*s = v + 404, -13*s + 12*s + 124 = -3*v. Calculate the greatest common factor of s and 8.
8
Let u(x) = -x**3 - 2*x**2 + 2*x + 4. Let d = 11 + -15. Let m be u(d). What is the greatest common factor of m and 7?
7
Suppose 3*b + 4*y = 2223, 98*y - 99*y = 0. Calculate the highest common factor of 78 and b.
39
Let u = -16 + 20. Suppose -u*m - m = -35. Let v = m + 9. What is the highest common factor of 48 and v?
16
Suppose 307*a = 394*a - 2436. Let b(i) = -i**3 - 4*i**2 + 4*i - 6. Let s be b(-6). What is the greatest common divisor of a and s